ultiple of 82?
False
Is 3707536 a multiple of 98?
True
Is 63 a factor of 182448?
True
Is 10 a factor of 272557?
False
Does 15 divide 6281419?
False
Is 70 a factor of 1798437?
False
Is 24383860 a multiple of 194?
True
Does 44 divide 57508?
True
Is 371356 a multiple of 94?
False
Does 94 divide 9970486?
True
Does 12 divide 936648?
True
Does 67 divide 199727?
True
Does 7 divide 563906?
True
Is 9336520 a multiple of 410?
True
Is 202473 a multiple of 17?
False
Does 17 divide 3107363?
False
Is 613320 a multiple of 76?
True
Is 64 a factor of 1778944?
True
Is 159021 a multiple of 43?
False
Is 1082455 even?
False
Is 1572712 a multiple of 14?
False
Is 4 a factor of 15808?
True
Is 236288 a multiple of 104?
True
Is 5650866 a multiple of 9?
True
Is 2329932 a multiple of 12?
True
Is 42674011 a multiple of 167?
True
Is 51224 a multiple of 38?
True
Does 16 divide 7827982?
False
Is 19 a factor of 1812676?
True
Does 4 divide 10737?
False
Is 233 a factor of 15182946?
False
Is 788802 a multiple of 49?
True
Is 3176937 a multiple of 107?
True
Is 831558 a multiple of 16?
False
Does 585 divide 8665605?
True
Is 3322612 a multiple of 859?
True
Is 370 a factor of 116921?
False
Is 1982200 a multiple of 50?
True
Does 4 divide 46404?
True
Is 186 a factor of 1739100?
True
Is 3513024 a multiple of 32?
True
Is 3 a factor of 3756950?
False
Is 20 a factor of 2958620?
True
Is 4292023 a multiple of 29?
False
Is 866 a factor of 1802152?
False
Is 3085104 a multiple of 33?
True
Does 25 divide 212225?
True
Does 345 divide 3963015?
True
Does 29 divide 405608?
False
Does 7 divide 93730?
True
Does 283 divide 149424?
True
Is 61013 a multiple of 17?
True
Is 174 a factor of 1776321?
False
Does 46 divide 1013012?
True
Does 215 divide 108790?
True
Is 162574 a multiple of 58?
True
Does 18 divide 81126?
True
Is 31488 a multiple of 123?
True
Is 273792 a multiple of 372?
True
Is 186 a factor of 52573?
False
Does 17 divide 3465295?
False
Is 3888539 a multiple of 70?
False
Does 292 divide 413472?
True
Is 660276 a multiple of 15?
False
Is 24 a factor of 7904379?
False
Is 1346961 a multiple of 49?
True
Is 779 a factor of 77900?
True
Is 2285 a factor of 11189645?
True
Does 12 divide 1325106?
False
Does 104 divide 1509537?
False
Is 3108788 a multiple of 194?
False
Is 4 a factor of 587?
False
Is 222594 a multiple of 41?
False
Is 1082431 a multiple of 24?
False
Is 34199 a multiple of 196?
False
Does 1241 divide 3598900?
True
Does 4 divide 73452?
True
Is 14751960 a multiple of 12?
True
Does 22 divide 49346?
True
Does 36 divide 16386966?
False
Is 6436150 a multiple of 37?
True
Is 36 a factor of 88596?
True
Is 264570 a multiple of 30?
True
Is 2657560 a multiple of 20?
True
Is 488004 a multiple of 10?
False
Is 3 a factor of 57410?
False
Is 63876 even?
True
Is 947271 a multiple of 39?
True
Does 14 divide 387660?
True
Does 157 divide 919270?
False
Is 483 a factor of 8600298?
True
Is 3 a factor of 74052?
True
Is 16785 a multiple of 7?
False
Is 1018 a factor of 1840905?
False
Is 11997082 a multiple of 236?
False
Does 18 divide 144180?
True
Is 530 a factor of 4346689?
False
Is 47 a factor of 248442?
True
Is 232 a factor of 7131912?
True
Is 3035030 a multiple of 46?
False
Does 609 divide 1021293?
True
Is 1184 a factor of 5134306?
False
Is 28 a factor of 671322?
False
Is 201 a factor of 4660788?
True
Is 3785980 a multiple of 471?
False
Does 20 divide 819340?
True
Does 74 divide 184525?
False
Is 3503401 a multiple of 61?
False
Does 30 divide 195413?
False
Is 22 a factor of 1143671?
False
Is 367756 a multiple of 35?
False
Is 805952 a multiple of 64?
True
Does 10 divide 572410?
True
Is 24 a factor of 301145?
False
Does 484 divide 168806?
False
Does 357 divide 4124418?
False
Is 2934570 a multiple of 1553?
False
Is 55 a factor of 35255?
True
Is 1743760 a multiple of 142?
True
Does 25 divide 222?
False
Is 33 a factor of 7671414?
False
Is 11 a factor of 57662?
True
Is 193 a factor of 120987?
False
Does 54 divide 558277?
False
Is 116 a factor of 809172?
False
Is 1939634 a multiple of 42?
False
Does 1175 divide 1572587?
False
Is 13 a factor of 806?
True
Is 13 a factor of 2864661?
False
Is 372 a factor of 134664?
True
Is 66 a factor of 49366?
False
Is 74 a factor of 4638079?
False
Is 119 a factor of 190598?
False
Is 14 a factor of 302750?
True
Is 43439 a multiple of 58?
False
Is 2108320 a multiple of 160?
True
Does 827 divide 1518828?
False
Is 350 a factor of 457100?
True
Is 15 a factor of 119445?
True
Is 14 a factor of 267650?
False
Does 17 divide 358246?
False
Does 147 divide 664587?
True
Is 15577 a multiple of 36?
False
Does 116 divide 365168?
True
Is 122 a factor of 406138?
True
Is 20 a factor of 375586?
False
Is 6271121 a multiple of 19?
True
Is 1019545 a multiple of 39?
False
Is 37698889 a multiple of 1532?
False
Is 103032 a multiple of 15?
False
Does 479 divide 190209?
False
Is 268680 a multiple of 15?
True
Is 7 a factor of 2136259?
False
Does 16 divide 269028?
False
Does 89 divide 744655?
False
Is 130957 a multiple of 10?
False
Is 1862193 a multiple of 10?
False
Is 8427016 a multiple of 184?
True
Is 61 a factor of 1573007?
True
Does 30 divide 22128?
False
Is 83044 a multiple of 26?
True
Does 7 divide 4469882?
False
Is 206 a factor of 119274?
True
Is 217 a factor of 5071724?
True
Is 16328182 a multiple of 238?
False
Is 2 a factor of 74752?
True
Is 26768 a multiple of 14?
True
Does 344 divide 315897?
False
Is 6 a factor of 213241?
False
Is 95888 a multiple of 26?
True
Does 174 divide 1163879?
False
Is 20 a factor of 351494?
False
Does 725 divide 176762?
False
Is 10772862 a multiple of 174?
True
Is 158 a factor of 434816?
True
Does 69 divide 87492?
True
Is 1116135 a multiple of 22?
False
Is 9274114 a multiple of 527?
False
Does 30 divide 278760?
True
Is 16002 even?
True
Does 3 divide 126255?
True
Does 512 divide 4923392?
True
Is 9123068 a multiple of 909?
False
Is 14875170 a multiple of 46?
False
Is 1400033 a multiple of 240?
False
Does 21 divide 9906834?
True
Is 2642310 a multiple of 306?
True
Does 2 divide 22597?
False
Does 13 divide 276705?
True
Does 55 divide 79310?
True
Is 377 a factor of 571532?
True
Does 66 divide 25527216?
True
Does 122 divide 28003?
False
Does 700 divide 6892900?
True
Does 6 divide 131496?
True
Is 152222 a multiple of 262?
True
Does 339 divide 506127?
True
Does 102 divide 348738?
True
Is 400153 a multiple of 15?
False
Is 42337008 a multiple of 63?
True
Is 34 a factor of 60170?
False
Is 286825 a multiple of 24?
False
Is 346506 a multiple of 2?
True
Does 12 divide 669645?
False
Does 6 divide 1273098?
True
Is 11617 a multiple of 81?
False
Is 72 a factor of 89568?
True
Does 2 divide 54424?
True
Is 69899 a multiple of 58?
False
Is 2730985 a multiple of 963?
False
Is 4022721 a multiple of 13?
False
Does 39 divide 59291?
False
Is 259 a factor of 319595?
False
Is 303 a factor of 9161811?
True
Does 95 divide 72770?
True
Does 45 divide 199710?
True
Is 524756 a multiple of 71?
False
Is 80613 a multiple of 6?
False
Does 163 divide 4232458?
True
Is 41700029 a multiple of 293?
False
Is 1432 a factor of 7393416?
True
Is 649572 a multiple of 617?
False
Is 18 a factor of 253269?
False
Does 39 divide 342156?
False
Is 86262 a multiple of 3?
True
Does 234 divide 1842984?
True
Is 20 a factor of 59679?
False
Is 45 a factor of 4877721?
False
Is 239778 a multiple of 198?
True
Is 27 a factor of 115993?
False
Does 18 divide 183456?
True
Is 10906 even?
True
Does 2 divide 4447596?
True
Is 27 a factor of 28900?
False
Is 42264 a multiple of 24?
True
Is 44 a factor of 2330504?
True
Is 6 a factor of 4444569?
False
Is 767376 a multiple of 53?
False
Is 39 a factor of 3743454?
True
Does 166 divide 286848?
True
Is 294366 a multiple of 6?
True
Is 1161 a multiple of 9?
True
Is 16466150 a multiple of 4?
False
Is 16 a factor of 3006992?
True
Is 3167149 a multiple of 28?
False
Does 2 divide 28521?
False
Is 15834174 a multiple of 140?
False
Is 52 a factor of 1057075?
False
Does 607 divide 26399?
False
Does 93 divide 161355?
True
Does 19 divide 1053474?
True
Is 13 a factor of 280683?
True
Is 44599 a multiple of 95?
False
Is 11890573 a multiple of 488?
False
Does 51 divide 138873?
True
Is 479888 a multiple of 22?
False
Is 195 a factor of 36660?
True
Does 40 divide 4322427?
False
Does 54 divide 2725164?
True
Is 90 a factor of 18408?
